+ 3. Is g(-10) composite?
False
Let c(j) = -j + 3. Let y be c(0). Suppose -2*u + 0 = -i + 1, -i + y = -u. Suppose -4*d - 62 = -2*k, -i*k - d + 4*d = -176. Is k a composite number?
False
Suppose 0*m + 50 = 5*f - 3*m, -m + 16 = 3*f. Is f composite?
False
Suppose v = -2*t + 35, 2*t - 6*t = -3*v + 135. Let b = 78 - v. Is b composite?
False
Let d(p) = -p**2 + 3*p + 3. Let g be d(3). Suppose 2*q = 4*j + 40 + 26, g*j = -15. Is q composite?
False
Let o be (-1)/(-2)*(0 + 0). Suppose -3*b - 4*w + 127 = o, -3*w = 4*b - 0*b - 167. Suppose 0 = 5*j - 4*v - 175, -2*j = 4*v - 29 - b. Is j a prime number?
False
Let p(c) = 23*c**2 - 2*c + 1. Is p(-4) a composite number?
True
Let w = 337 - 226. Is w composite?
True
Let d = 70 - 154. Is 14/d + 1843/6 prime?
True
Suppose 3*v = 7*v - 1068. Suppose 4*j - y = 82 + v, -y = 1. Is j a composite number?
True
Let n be (-85*4)/(-4)*1. Suppose -2*k + 126 = 5*r, -3*r - 3 = -2*k - n. Is r a prime number?
False
Let k(x) be the second derivative of 3*x**4/4 - x**3/3 - 2*x**2 + 2*x. Is k(-3) a composite number?
False
Let b be 2*((-14)/4 - -2). Let q(u) = -9*u**3 + u**2 - u - 2. Is q(b) composite?
True
Let g(q) = -q**3 - 2*q**2 - 2*q + 1. Let y be g(-2). Suppose 0*x + 845 = y*x. Let c = x - 112. Is c a prime number?
False
Let t be 7 - -1*2*-1. Let p(v) = -3 - 3*v - 1 + t*v. Is p(7) prime?
False
Suppose -5*m + 231 = -2*m. Is m a composite number?
True
Let l(t) = -t**3 - 4*t**2 + 6*t + 2. Let f be l(-5). Let g = 3 + f. Suppose 4*q - 4*i = 81 + 51, q + 3*i - 25 = g. Is q a prime number?
True
Let r be 1*(0/2)/3. Suppose -5*a - 5*h = -3*h, r = -5*a + 2*h - 20. Is (a/6)/(3/(-54)) composite?
True
Let p(a) be the first derivative of -27*a**2/2 - 5*a - 4. Is p(-8) composite?
False
Let k be (-3)/18 - (-47)/(-6). Is 27 - (-2 + k/(-2)) a prime number?
False
Let a be 37/(-1 - (-20)/18). Suppose 5*x - a - 52 = 0. Is x a prime number?
False
Suppose 0*s - s = -1. Suppose 5*u - s - 31 = 3*z, -z - 3*u = 20. Is z/(-4)*(6 - 2) a prime number?
False
Let u(z) = 2*z**3 - 8*z**2 - 3*z - 10. Let v(y) = -y**2 - 7*y + 7. Let c be v(-7). Let g be u(c). Let x = g + -150. Is x composite?
False
Let w(k) = 11*k**3 + 5*k**2 - 4*k + 1. Is w(5) prime?
True
Let a(u) = 48*u**2 + u. Let w = 3 - 4. Is a(w) composite?
False
Let h be 1980 + (-3)/(-6)*-4. Let p = h - 1323. Is p a composite number?
True
Suppose -5*r + 69 - 9 = 0. Suppose -r = -5*c + c. Suppose 455 = c*f + 2*f. Is f a composite number?
True
Is 837 - (3 + -1 - 0) prime?
False
Let z = -41 + 27. Let s(v) = -v**2 - 6*v + 7. Let f be s(-7). Let k = f - z. Is k composite?
True
Let m(r) be the first derivative of -2*r**2 + 2*r - 3. Is m(-5) a composite number?
True
Suppose f + f = -44. Is f/1*(-15)/6 a composite number?
True
Let b(w) = 115*w - 2. Is b(5) a composite number?
True
Suppose -4*j + 265 = -r, j - 2*r - r - 58 = 0. Is j prime?
True
Is 3*(-2)/(-9)*1467/6 prime?
True
Suppose 3*t + 12 = 0, 0 = -2*j + j - 5*t + 113. Is j a prime number?
False
Suppose 7*t - 2078 = 4145. Is t composite?
True
Let t be 10/(-15) + 118/(-3). Let s be ((-890)/t)/((-2)/(-8)). Is s + (-2)/4*0 prime?
True
Let p(h) = h**3 + 2*h**2. Let b be p(-2). Suppose b = 6*y - y - 310. Let r = 111 - y. Is r a prime number?
False
Suppose 6*d = 5*d + 95. Is d prime?
False
Let c(x) = 6*x**2 + 5*x + 2. Is c(7) a prime number?
True
Let t(s) = -s**3 - 7*s**2 + 13*s + 1. Let b be t(-9). Suppose 5*j + b + 14 = 0. Is (-795)/j + 9/12 a composite number?
False
Let g = 654 - -285. Is g a prime number?
False
Let p = 238 - 155. Is p a prime number?
True
Suppose -2*l + 0*l = -4. Suppose s = -4*y + 217, l*s + 107 = 2*y + 3*s. Is y a prime number?
False
Let v(a) = 49*a - 19. Is v(10) a composite number?
True
Suppose -5*f + 372 = -293. Is f prime?
False
Let m(w) = w**3 - 2*w**2 - 6*w + 2. Let z be m(4). Suppose 2*y = z, b - 3*y + 517 = 3*b. Is b composite?
False
Suppose 0 = 3*b - 1117 - 2966. Is b a prime number?
True
Is (-17730)/(-6) - ((-4 - -7) + 1) composite?
True
Let w(f) = -2*f + 3. Let u = 1 - -1. Let i be w(u). Is (-4116)/(-16) + i/4 a composite number?
False
Let z be (-4 + 5)/((-1)/(-2)). Suppose -3*o + z = -1. Is o/3*(272 + -5) a composite number?
False
Let d(a) = -a**2 - 11*a + 8. Let z be d(-6). Is (7 - 5)/(4/z) a composite number?
False
Is (-1965)/(-5)*((-10)/(-3) + -1) composite?
True
Let y = -8 + 10. Is 188/6 - y/6 composite?
False
Let l(z) = z**3 - 16*z**2 - 11*z + 20. Is l(17) prime?
False
Let l be (-75)/(-4) + 12/(-16). Let y = l - -31. Is y a prime number?
False
Suppose p - 480 = -2*q, q - 235 = -0*q + 2*p. Is q a prime number?
True
Suppose -1043 = -4*j + 3*b, -4*j = 2*b - b - 1023. Is j prime?
True
Suppose -t + 0*t = -1. Let a be t - (-2)/(1 - 3). Is (a - -2) + 0 + 29 composite?
False
Let m = 34 + 55. Is m composite?
False
Let m(b) = -b**3 - 6*b**2 - b - 6. Let c be m(-6). Let v(q) = -q**3 - 3*q**2 - 3*q - 4. Let j be v(-3). Suppose 2*d + j - 19 = c. Is d a composite number?
False
Let y = 160 + -256. Let l = 318 + y. Suppose -w + 2*p - l = -5*w, 0 = -4*w + 2*p + 202. Is w a composite number?
False
Is (-15)/(-20)*((4 - -5633) + -1) a composite number?
True
Is (2/(-10) + 11944/(-5))*-1 prime?
True
Let i be ((-10)/(-3))/((-8)/(-12)). Suppose 3*v = i*s, v - 27 = -5*s - 7. Suppose -2*p = 3*p - t - 547, -s*p - 3*t = -321. Is p a composite number?
False
Let d = -5 - -5. Suppose -l + 53 = 5*g, d*g = -4*g - 3*l + 38. Is g a composite number?
False
Is (422*3/6)/1 prime?
True
Let a(t) = 20*t**2 - 2*t + 3. Let j(n) = n**2 + 5*n - 6. Let o be j(-6). Suppose -4*c - c + 10 = o. Is a(c) prime?
True
Let q = 224 + 208. Suppose 0 = -z + 1, r - 5*z = -3*z - q. Is 4/14 + r/(-14) composite?
False
Let g = -157 + 1414. Is g prime?
False
Let v(z) = 587*z**2 - 2*z - 2. Is v(-1) prime?
True
Suppose -2*o - o - 3*p + 10650 = 0, 0 = 5*o - p - 17738. Suppose 8*m - 4*m = o. Is m prime?
True
Suppose -242 - 1316 = -2*i. Is i prime?
False
Let h(r) = -4*r**3 + 13*r**2 + 4*r - 8. Is h(-7) a composite number?
False
Let t(n) be the first derivative of n**4/4 - 8*n**3/3 - n**2/2 - 7*n - 7. Is t(12) a composite number?
False
Is 921/6*(3 - 1) composite?
False
Suppose -12 = -5*i - 2. Suppose c = i*c. Suppose 0 = -c*h + 4*h - 132. Is h a composite number?
True
Let y = 167 - -20. Is y a composite number?
True
Let h(o) = -o**3 + 10*o**2 - 6*o + 8. Is h(7) a composite number?
False
Let h(c) = 4*c**2 - c - c**3 - 3 + 0*c**3 + 0*c**3. Suppose 2*l - 2 = 4. Is h(l) composite?
False
Let u(l) = 57*l + 1. Suppose -3*t - 3*a + 15 = 0, -t - 2 = 5*a - 19. Let v be u(t). Let f = -76 + v. Is f a composite number?
True
Suppose 4*n - 11 = -3*v - n, 4*v + 5*n - 13 = 0. Suppose -5*i - 75 = -o, v*o = -0*o - 2*i + 138. Suppose 0*d = 2*d - o. Is d a prime number?
False
Suppose -3*q = -5*q - 12. Let i be q + 3 + (-753)/3. Is (2 + 2)*i/(-8) composite?
False
Suppose 0 = -5*n + 3856 - 1141. Is n a prime number?
False
Let z be 6 - 6 - 1*-1. Let i be 1*(-1 - z)/2. Is (i - -2)/((-5)/(-15)) prime?
True
Let v = -8 + 8. Suppose v = 4*u + u - 1885. Is u composite?
True
Suppose -17 = -3*w - 4*v, 5*v = 5*w - 0 - 5. Suppose -f = w*n - 191, n = f + 3*f - 764. Is f a prime number?
True
Let g = 1 - 2. Let c be (3/(-1) - -5)*-1. Is (46 - c) + (g - 1) composite?
True
Suppose -6*b = -3298 - 1028. Is b a composite number?
True
Suppose -3*i - 2*i + 235 = 0. Is i a prime number?
True
Let r(v) = -v. Let j(x) = -x**3 + 15*x**2 + x + 7. Let l(f) = -j(f) - 5*r(f). Is l(15) a composite number?
False
Let h(u) = 7*u - 9. Let p(z) = -z**3 + 10*z**2 + 2*z - 4. Let x be p(10). Is h(x) composite?
False
Let h(o) = -198*o**3 - o**2 - 2*o - 1. Let f be h(-1). Let p = f + -75. Is p composite?
True
Let h(a) = 2*a - 1. Let t be h(1). Is ((-2)/1 + t)*-7 composite?
False
Suppose 2*p = -2*p + 12. Let r be (-64)/(-10)*(2 + p). Suppose -s = -r - 45. Is s prime?
False
Let z(v) = -v**2 + 22*v + 31. Is z(16) a prime number?
True
Let l(z) = -z - 1. Let w(n) = n + 2. Let m(o) = -2*l(o) - w(o). Is m(7) prime?
True
Let m(b) = 45*b + 6. Let t(x) = -45*x - 5. Let u(i) = 2*m(i) + 3*t(i). Is u(-2) composite?
True
Suppose -3*y = -6*y + 24. Is (-4)/y*(-644)/2 prime?
False
Let t = 8 - 12. Let c = 37 + t. Is c a prime number?
False
Suppose 0 = 4*k - 8. Suppose -k*h = h + 36. Is ((-113)/(-2))/((-6)/h) composite?
False
Let o(k) = 21*k**3 + 3*k**2 - 3*k + 2. Is o(3)